{"id":37,"date":"2018-06-12T20:02:23","date_gmt":"2018-06-12T20:02:23","guid":{"rendered":"http:\/\/die-mobile-nachhilfe.ch\/?page_id=37"},"modified":"2025-05-26T16:35:40","modified_gmt":"2025-05-26T16:35:40","slug":"orte-termine-und-kosten","status":"publish","type":"page","link":"https:\/\/die-mobile-nachhilfe.ch\/?page_id=37","title":{"rendered":"Orte, Termine und Konditionen"},"content":{"rendered":"<p><strong>M\u00f6gliche Gemeinden<\/strong><br \/>Wettswil, Bonstetten, Birmensdorf, Aesch, Stallikon, Hedingen, Urdorf, Islisberg, Arni, Uitikon-Waldegg, Ottenbach, Obfelden, Affoltern, Aeugst am Albis, T\u00fcrlen, Adliswil, Mettmenstetten, Hausen, Z\u00fcrich (Wollishofen, Wiedikon, Enge, Abisrieden)<strong><br \/><\/strong>Weitere m\u00f6gliche Gemeinden\/Orte auf Anfrage.<\/p>\n<p>Der Unterricht sowie die Beratung finden im VW-Bus statt (ist mit einer Standheizung f\u00fcr den Winter bzw. mit einem K\u00fchlger\u00e4t f\u00fcr den Sommer ausger\u00fcstet) oder draussen unter der schattenspendenden Markise. Der Ort ist grunds\u00e4tzlich frei w\u00e4hlbar. Der VW-Bus kann irgendwo im Gr\u00fcnen (z.B. auf einem Vita Parcours Parkplatz am Waldrand), in der N\u00e4he der Schule oder auch bei Ihnen zu Hause auf dem Parkplatz stehen.<\/p>\n<p><strong>Termine nach Absprache<br \/><\/strong><strong>Dauer: 50 Minuten<br \/>Kosten:<br \/>Einzellektion 130.-, Lektion zu zweit 80.- pro Person, Lektion zu dritt 60.- pro Person<\/strong><strong><br \/><\/strong>Anfahrtsweg ist inklusive, falls Sie einen Ort in Wettswil oder Bonstetten w\u00e4hlen. Falls ein anderer Ort gew\u00fcnscht wird, verrechne ich einen kleinen Aufpreis f\u00fcr die Anfahrt, siehe Liste unten.<\/p>\n<p><strong>Leistungen inklusive<\/strong><\/p>\n<ul>\n<li>Anfahrtsweg innerhalb von Wettswil und Bonstetten<\/li>\n<li>Ein kurzes Telefongespr\u00e4ch oder Mail im Voraus<\/li>\n<li>Kontaktaufnahme mit der Lehrperson, Heilp\u00e4dagogin oder Schulpsychologin (auf Wunsch), bevorzugt via Kontaktheft <\/li>\n<li>Vor- und Nachbereitungszeit pro gebuchte Stunde, um einen m\u00f6glichst optimalen Lernfortschritt zu erzielen<\/li>\n<li>kurzer eMail-Verkehr<\/li>\n<li>Buchtipps bei Bedarf<\/li>\n<\/ul>\n<p><strong>Weg (wird pro Lektion nur einmal verrechnet)<\/strong><\/p>\n\n\n<ul class=\"wp-block-list\">\n<li><strong>Gratis f\u00fcr Wettswil und Bonstetten<\/strong><\/li>\n\n\n\n<li>20.- Stallikon, Birmensdorf<\/li>\n\n\n\n<li>30.- f\u00fcr Hedingen, Aesch, Islisberg<\/li>\n\n\n\n<li>40.- f\u00fcr Arni, Uitikon-Waldegg, Mettmenstetten, Obfelden, Ottenbach, Urdorf, Aeugst, T\u00fcrlen, Affoltern a. A.<\/li>\n\n\n\n<li>50.- Z\u00fcrich, Hausen a. A., Adliswil<\/li>\n\n\n\n<li>Weitere Gemeinden auf Anfrage<\/li>\n<\/ul>\n\n\n\n<p><strong>Gerne d\u00fcrfen Sie Ihr Kind auch zu einem Ort nach Ihrer Wahl in Wettswil oder Bonstetten bringen, um die Wegkosten zu sparen&nbsp;&nbsp;&nbsp;&nbsp;&nbsp; &nbsp; &nbsp; &nbsp; &nbsp; &nbsp; &nbsp; &nbsp; &nbsp;<\/strong><\/p>\n\n\n<div class=\"wpb_text_column wpb_content_element \">\n<div class=\"wpb_wrapper\">\n<p>Im Verhinderungsfall bitte ich Sie, mir dies sp\u00e4testens 24 Stunden vorher mitzuteilen. Andernfalls muss ich Ihnen leider den ganzen Betrag in Rechnung stellen.<\/p>\n<\/div>\n<\/div>\n<div class=\"vc_empty_space\"><\/div>","protected":false},"excerpt":{"rendered":"<p>M\u00f6gliche GemeindenWettswil, Bonstetten, Birmensdorf, Aesch, Stallikon, Hedingen, Urdorf, Islisberg, Arni, Uitikon-Waldegg, Ottenbach, Obfelden, Affoltern, Aeugst am Albis, T\u00fcrlen, Adliswil, Mettmenstetten, Hausen, Z\u00fcrich (Wollishofen, Wiedikon, Enge, Abisrieden)Weitere m\u00f6gliche Gemeinden\/Orte auf Anfrage. Der Unterricht sowie die Beratung finden im VW-Bus statt (ist mit einer Standheizung f\u00fcr den Winter bzw. mit einem K\u00fchlger\u00e4t f\u00fcr den Sommer ausger\u00fcstet) oder [&hellip;]<\/p>\n","protected":false},"author":1,"featured_media":0,"parent":0,"menu_order":0,"comment_status":"closed","ping_status":"closed","template":"","meta":{"footnotes":""},"class_list":["post-37","page","type-page","status-publish","hentry"],"_links":{"self":[{"href":"https:\/\/die-mobile-nachhilfe.ch\/index.php?rest_route=\/wp\/v2\/pages\/37","targetHints":{"allow":["GET"]}}],"collection":[{"href":"https:\/\/die-mobile-nachhilfe.ch\/index.php?rest_route=\/wp\/v2\/pages"}],"about":[{"href":"https:\/\/die-mobile-nachhilfe.ch\/index.php?rest_route=\/wp\/v2\/types\/page"}],"author":[{"embeddable":true,"href":"https:\/\/die-mobile-nachhilfe.ch\/index.php?rest_route=\/wp\/v2\/users\/1"}],"replies":[{"embeddable":true,"href":"https:\/\/die-mobile-nachhilfe.ch\/index.php?rest_route=%2Fwp%2Fv2%2Fcomments&post=37"}],"version-history":[{"count":55,"href":"https:\/\/die-mobile-nachhilfe.ch\/index.php?rest_route=\/wp\/v2\/pages\/37\/revisions"}],"predecessor-version":[{"id":1161,"href":"https:\/\/die-mobile-nachhilfe.ch\/index.php?rest_route=\/wp\/v2\/pages\/37\/revisions\/1161"}],"wp:attachment":[{"href":"https:\/\/die-mobile-nachhilfe.ch\/index.php?rest_route=%2Fwp%2Fv2%2Fmedia&parent=37"}],"curies":[{"name":"wp","href":"https:\/\/api.w.org\/{rel}","templated":true}]}}