{"id":356,"date":"2018-09-20T07:40:00","date_gmt":"2018-09-20T07:40:00","guid":{"rendered":"http:\/\/die-mobile-nachhilfe.ch\/?page_id=356"},"modified":"2020-09-27T09:16:24","modified_gmt":"2020-09-27T09:16:24","slug":"gymipruefungsvorbereitung","status":"publish","type":"page","link":"https:\/\/die-mobile-nachhilfe.ch\/?page_id=356","title":{"rendered":"Die Gymipr\u00fcfungsvorbereitung im VW-Bus vor Ort"},"content":{"rendered":"<p><a href=\"http:\/\/die-mobile-nachhilfe.ch\/?page_id=37\" data-rich-text-format-boundary=\"true\">Konditionen\/Preise<\/a> &nbsp; &nbsp; &nbsp; &nbsp; &nbsp; &nbsp; &nbsp;<a href=\"http:\/\/die-mobile-nachhilfe.ch\/?page_id=402\">Kontakt<\/a><\/p>\n\n\n<p style=\"font-size:18px\"><strong>Steht Ihr Kind vor der grossen herausfordernden Gymiaufnahmepr\u00fcfung und weiss noch nicht, wie es die komplexen Aufgaben anpacken und l\u00f6sen soll?<\/strong><\/p>\n\n\n\n<div class=\"wp-block-image\"><figure class=\"aligncenter is-resized\"><img loading=\"lazy\" decoding=\"async\" src=\"https:\/\/die-mobile-nachhilfe.ch\/wp-content\/uploads\/2019\/11\/B\u00fcchertreppe-shutterstock_210161554-1024x749.jpg\" alt=\"\" class=\"wp-image-880\" width=\"414\" height=\"303\" srcset=\"https:\/\/die-mobile-nachhilfe.ch\/wp-content\/uploads\/2019\/11\/B\u00fcchertreppe-shutterstock_210161554-1024x749.jpg 1024w, https:\/\/die-mobile-nachhilfe.ch\/wp-content\/uploads\/2019\/11\/B\u00fcchertreppe-shutterstock_210161554-300x219.jpg 300w, https:\/\/die-mobile-nachhilfe.ch\/wp-content\/uploads\/2019\/11\/B\u00fcchertreppe-shutterstock_210161554-768x561.jpg 768w, https:\/\/die-mobile-nachhilfe.ch\/wp-content\/uploads\/2019\/11\/B\u00fcchertreppe-shutterstock_210161554-624x456.jpg 624w\" sizes=\"auto, (max-width: 414px) 100vw, 414px\" \/><\/figure><\/div>\n\n\n\n<p style=\"font-size:18px\"><strong>Gerne unterst\u00fctze ich auch Ihr Kind bei der Pr\u00fcfungsvorbereitung (oder in der Probezeit) mit Tipps zum Lernen, zur Organisation und Planung, mit Lernstrategien sowie mit Erkl\u00e4rungen zum Lernstoff. Mehrere Jahre leitete ich den offiziellen Gymikurs an der Primarschule Wettswil und korrigiere seit \u00fcber 10 Jahren als Expertin die Gymi-Aufnahmepr\u00fcfungen.<\/strong><\/p>\n\n\n\n<p style=\"font-size:18px\">Ich werde Sie regelm\u00e4ssig \u00fcber die Fortschritte Ihres Kindes informieren.<\/p>\n\n\n\n<p style=\"font-size:18px\">Seit 2008 korrigiere ich als Expertin Gymiaufnahmepr\u00fcfungen des Langzeitgymnasiums (Mathematik und Sprache). Deshalb besch\u00e4ftige ich mich jedes Jahr sehr intensiv mit den Aufnahmepr\u00fcfungen, den gestellten Anforderungen sowie auch mit der Punkteverteilung bei der Korrektur. Dank diesen Erfahrungen kann ich die Kinder optimal auf die Gymiaufnahmepr\u00fcfung vorbereiten und ihnen viele hilfreiche Tipps geben.<\/p>\n\n\n\n<p style=\"font-size:18px\">Des Weiteren leitete ich mehrere Jahre den offiziellen Gymivorbereitungskurs an der Schule Wettswil (Auszug aus dem Arbeitszeugnis von Wettswil: <em>&#8222;&#8230;..Frau Priska Berger-Leuenberger ist eine echte Kapazit\u00e4t und Expertin f\u00fcr die Gymiaufnahmepr\u00fcfung&#8220;<\/em>).<\/p>\n\n\n\n<p style=\"font-size:18px\">Mir macht es Spass, mich mit den Kindern in die sehr anspruchsvollen Aufgaben einzudenken, mich auf ihre L\u00f6sungswege einzulassen und mir zu \u00fcberlegen, wo genau ein Kind meine Unterst\u00fctzung und weitere Tipps ben\u00f6tigt um die Pr\u00fcfung erfolgreich meistern zu k\u00f6nnen.<\/p>\n\n\n\n<p style=\"font-size:18px\">Ihr Kind wird im offiziellen Gymi-Vorbereitungskurs der Primarschulen meistens gut auf die Gymipr\u00fcfung vorbereitet, trotzdem wird es noch etwas mehr Unterst\u00fctzung ben\u00f6tigen um die Pr\u00fcfung zu bestehen. Deshalb macht es allenfalls Sinn die Unterst\u00fctzung einer externen Fachperson f\u00fcr einige Stunden in Anspruch zu nehmen. Der Vorteil einer individuellen Unterst\u00fctzung, im Vergleich zu einer Institution, besteht darin, dass Ihr Kind zu jedem Zeitpunkt&nbsp;<strong>seine<\/strong> Fragen stellen kann, ohne warten zu m\u00fcssen bis es dran ist und ohne vor anderen Kindern &#8222;ausgestellt&#8220; zu sein. Ausserdem muss Ihr Kind nicht wochen- oder sogar monatelang einen ganzen Samstagvormittag oder Mittwochnachmittag opfern, um die gleichen Resultate zu erzielen.<\/p>\n\n\n\n<p style=\"font-size:18px\">Gerne unterst\u00fctze ich auch Ihr Kind bei der Pr\u00fcfungsvorbereitung oder in der Probezeit mit Tipps zum Lernen, zur Organisation und Planung, mit Lernstrategien sowie mit Erkl\u00e4rungen zum Lernstoff.<\/p>\n\n\n\n<p><\/p>\n","protected":false},"excerpt":{"rendered":"<p>Konditionen\/Preise &nbsp; &nbsp; &nbsp; &nbsp; &nbsp; &nbsp; &nbsp;Kontakt Steht Ihr Kind vor der grossen herausfordernden Gymiaufnahmepr\u00fcfung und weiss noch nicht, wie es die komplexen Aufgaben anpacken und l\u00f6sen soll? Gerne unterst\u00fctze ich auch Ihr Kind bei der Pr\u00fcfungsvorbereitung (oder in der Probezeit) mit Tipps zum Lernen, zur Organisation und Planung, mit Lernstrategien sowie mit Erkl\u00e4rungen [&hellip;]<\/p>\n","protected":false},"author":1,"featured_media":0,"parent":0,"menu_order":0,"comment_status":"closed","ping_status":"closed","template":"","meta":{"footnotes":""},"class_list":["post-356","page","type-page","status-publish","hentry"],"_links":{"self":[{"href":"https:\/\/die-mobile-nachhilfe.ch\/index.php?rest_route=\/wp\/v2\/pages\/356","targetHints":{"allow":["GET"]}}],"collection":[{"href":"https:\/\/die-mobile-nachhilfe.ch\/index.php?rest_route=\/wp\/v2\/pages"}],"about":[{"href":"https:\/\/die-mobile-nachhilfe.ch\/index.php?rest_route=\/wp\/v2\/types\/page"}],"author":[{"embeddable":true,"href":"https:\/\/die-mobile-nachhilfe.ch\/index.php?rest_route=\/wp\/v2\/users\/1"}],"replies":[{"embeddable":true,"href":"https:\/\/die-mobile-nachhilfe.ch\/index.php?rest_route=%2Fwp%2Fv2%2Fcomments&post=356"}],"version-history":[{"count":38,"href":"https:\/\/die-mobile-nachhilfe.ch\/index.php?rest_route=\/wp\/v2\/pages\/356\/revisions"}],"predecessor-version":[{"id":1067,"href":"https:\/\/die-mobile-nachhilfe.ch\/index.php?rest_route=\/wp\/v2\/pages\/356\/revisions\/1067"}],"wp:attachment":[{"href":"https:\/\/die-mobile-nachhilfe.ch\/index.php?rest_route=%2Fwp%2Fv2%2Fmedia&parent=356"}],"curies":[{"name":"wp","href":"https:\/\/api.w.org\/{rel}","templated":true}]}}