{"id":210,"date":"2018-07-21T19:03:16","date_gmt":"2018-07-21T19:03:16","guid":{"rendered":"http:\/\/die-mobile-nachhilfe.ch\/?page_id=210"},"modified":"2019-05-20T18:51:42","modified_gmt":"2019-05-20T18:51:42","slug":"visionen-und-gedanken","status":"publish","type":"page","link":"https:\/\/die-mobile-nachhilfe.ch\/?page_id=210","title":{"rendered":"Leits\u00e4tze und Grundeinstellung"},"content":{"rendered":"<p>&#8222;Kinder sind keine F\u00e4sser, die gef\u00fcllt, sondern Feuer, die angez\u00fcndet werden wollen.&#8220; Rabelais<\/p>\n<p>&#8222;Ein Lehrer ist ein guter Lehrer, wenn er die Kunst besitzt, dem Sch\u00fcler Freude am Stoff bei zu bringen.&#8220; Albert Einstein<\/p>\n<p>&#8222;Die Wertsch\u00e4tzung von Vielfalt bedeutet ohne Angst verschieden sein zu k\u00f6nnen.&#8220; Theodor W. Adorno, Philosoph und Soziologe<\/p>\n<p class=\"innen\">\u201eDas Gras w\u00e4chst nicht schneller, wenn man daran zieht.\u201c Afrikanisches Sprichwort<\/p>\n<p class=\"innen\">\u201eWenn es keine Fragen gibt, gibt es keine Antworten.\u201c John Cage<\/p>\n<p>&#8222;&#8230;.Eltern und Lehrpersonen m\u00f6chte ich vermitteln, dass es neben wirksamen Lernstrategien f\u00fcr ein erfolgreiches Lernen vor allem auf ein gute Beziehung ankommt, die von Verst\u00e4ndnis, Wertsch\u00e4tzung, Interesse, Vertrauen, aber auch klaren Erwartungen gepr\u00e4gt ist&#8230;..&#8220; Fabian Grolimund<\/p>\n<p><strong>Gedanken zu Nachhilfe-Unterricht und zu einem Lerncoaching<\/strong><br \/>\nIch habe w\u00e4hrend meiner fast 20-j\u00e4hrigen Berufserfahrung immer wieder Kinder erlebt, welche w\u00e4hrend ihrer Schulzeit irgendwo mal einen &#8222;Knopf&#8220; hatten oder ein Problem mit dem Selbstvertrauen (z.B. durch einige Misserfolge ausgel\u00f6st). Oder die Kinder und Jugendlichen wussten ganz einfach nicht, wie sie lernen sollten. Oft habe ich von Eltern und Lehrern geh\u00f6rt, dass es hilfreich w\u00e4re, wenn jemand das Kind f\u00fcr einige Stunden unterst\u00fctzen k\u00f6nnte, ihm das Thema nochmals erkl\u00e4ren und somit auch sein Selbstvertrauen wieder st\u00e4rken k\u00f6nnte oder mit ihm anschauen, wie es das Lernen und die Hausaufgaben erfolgreich in Angriff nehmen kann. In einigen gr\u00f6sseren Ortschaften gibt es Institutionen f\u00fcr Nachhilfe-Unterricht. Das bedeutet aber meistens ein langer Weg, Einschreibegeb\u00fchr, Verpflichtung f\u00fcr ein Semester, meistens ein Gruppenkurs und teilweise immer wieder andere Lehrpersonen. Oft ist der Aufwand f\u00fcr die Eltern und das Kind sehr gross und der Nutzen doch eher bescheiden. Der Unterschied zu den normalen Schulstunden ist klein, da in Gruppen gearbeitet wird, und das Lernen zu lernen meistens kein Thema ist, was aber einer der wichtigsten Aspekte ist um langfristig Erfolg zu haben und m\u00f6glichst bald nicht mehr von einer Nachhilfe-Lehrperson abh\u00e4ngig zu sein.<\/p>\n<p><strong>Vorteile von pers\u00f6nlichem Nachhilfe-Unterricht und Lerncoaching<\/strong><br \/>\nDeshalb bin ich der Meinung, eine Unterst\u00fctzung macht nur dann Sinn, wenn sie \u00a0in der 1 zu 1 Situation statt findet, da der Unterricht dann zu \u00a0hundert Prozent auf das Kind abgestimmt werden kann. Das Kind getraut sich im Einzelunterricht und bei der gleichen Lehrperson auch wirklich die Fragen zu stellen, auf die es eine Antwort braucht, um im Lernen weiterzukommen. Dabei kann ich auch die Gedankeng\u00e4nge des Kindes nachvollziehen und meine n\u00e4chsten Unterrichtssequenzen exakt dem Wissensstand des Kindes anpassen.<\/p>\n<p><strong>Effizienter Unterricht<\/strong><br \/>\nGem\u00e4ss dem Buch &#8222;Lernen sichtbar machen f\u00fcr Lehrpersonen&#8220; von John Hattie, in welchem er die Ergebnisse der weltgr\u00f6ssten Sammlung empirischer Forschung zu den Faktoren, die das Lernen beeinflussen, untersucht, ist einer der wichtigsten Aspekte f\u00fcr das Lernen, dass der Unterricht optimal am Wissensstand des Kindes ankn\u00fcpft. Ein weiterer sehr wichtiger Faktor f\u00fcr ein effizientes Lernen ist die Beziehung zwischen Sch\u00fcler und Lehrperson. In der 1 zu 1 Lehr-Lernsituation ist es sehr schnell m\u00f6glich eine vertrauensvolle Ebene miteinander zu finden und eine gute Beziehung aufzubauen.<\/p>\n<p><strong>Was Kinder stark macht: Kinder brauchen echte Freizeit<br \/>\n<\/strong><strong>(Ein Film von Fabian Grolimund in Zusammenarbeit mit &#8222;Fritz und Fr\u00e4nzi&#8220;)<\/strong><\/p>\n<p><iframe loading=\"lazy\" title=\"Was Kinder stark macht: Kinder brauchen echte Freizeit\" width=\"625\" height=\"352\" src=\"https:\/\/www.youtube.com\/embed\/PUffqavwPqc?feature=oembed\" frameborder=\"0\" allow=\"accelerometer; autoplay; clipboard-write; encrypted-media; gyroscope; picture-in-picture; web-share\" referrerpolicy=\"strict-origin-when-cross-origin\" allowfullscreen><\/iframe><\/p>\n<p><strong>F\u00f6rderung der Selbstst\u00e4ndigkeit der Kinder<br \/>\n(Ein Film von Fabian Grolimund in Zusammenarbeit mit &#8222;Fritz und\u00a0Fr\u00e4nzi&#8220;)<\/strong><\/p>\n<p><iframe loading=\"lazy\" title=\"Fritz+Fr\u00e4nzi &amp; Lernen mit Kindern: Selbststa\u0308ndigkeit\" width=\"625\" height=\"352\" src=\"https:\/\/www.youtube.com\/embed\/wfNdqpmqib4?start=7&#038;feature=oembed\" frameborder=\"0\" allow=\"accelerometer; autoplay; clipboard-write; encrypted-media; gyroscope; picture-in-picture; web-share\" referrerpolicy=\"strict-origin-when-cross-origin\" allowfullscreen><\/iframe><\/p>\n","protected":false},"excerpt":{"rendered":"<p>&#8222;Kinder sind keine F\u00e4sser, die gef\u00fcllt, sondern Feuer, die angez\u00fcndet werden wollen.&#8220; Rabelais &#8222;Ein Lehrer ist ein guter Lehrer, wenn er die Kunst besitzt, dem Sch\u00fcler Freude am Stoff bei zu bringen.&#8220; Albert Einstein &#8222;Die Wertsch\u00e4tzung von Vielfalt bedeutet ohne Angst verschieden sein zu k\u00f6nnen.&#8220; Theodor W. Adorno, Philosoph und Soziologe \u201eDas Gras w\u00e4chst nicht [&hellip;]<\/p>\n","protected":false},"author":1,"featured_media":0,"parent":0,"menu_order":0,"comment_status":"closed","ping_status":"closed","template":"","meta":{"footnotes":""},"class_list":["post-210","page","type-page","status-publish","hentry"],"_links":{"self":[{"href":"https:\/\/die-mobile-nachhilfe.ch\/index.php?rest_route=\/wp\/v2\/pages\/210","targetHints":{"allow":["GET"]}}],"collection":[{"href":"https:\/\/die-mobile-nachhilfe.ch\/index.php?rest_route=\/wp\/v2\/pages"}],"about":[{"href":"https:\/\/die-mobile-nachhilfe.ch\/index.php?rest_route=\/wp\/v2\/types\/page"}],"author":[{"embeddable":true,"href":"https:\/\/die-mobile-nachhilfe.ch\/index.php?rest_route=\/wp\/v2\/users\/1"}],"replies":[{"embeddable":true,"href":"https:\/\/die-mobile-nachhilfe.ch\/index.php?rest_route=%2Fwp%2Fv2%2Fcomments&post=210"}],"version-history":[{"count":13,"href":"https:\/\/die-mobile-nachhilfe.ch\/index.php?rest_route=\/wp\/v2\/pages\/210\/revisions"}],"predecessor-version":[{"id":762,"href":"https:\/\/die-mobile-nachhilfe.ch\/index.php?rest_route=\/wp\/v2\/pages\/210\/revisions\/762"}],"wp:attachment":[{"href":"https:\/\/die-mobile-nachhilfe.ch\/index.php?rest_route=%2Fwp%2Fv2%2Fmedia&parent=210"}],"curies":[{"name":"wp","href":"https:\/\/api.w.org\/{rel}","templated":true}]}}