{"id":1015,"date":"2020-06-18T19:22:40","date_gmt":"2020-06-18T19:22:40","guid":{"rendered":"https:\/\/die-mobile-nachhilfe.ch\/?page_id=1015"},"modified":"2020-12-03T12:39:23","modified_gmt":"2020-12-03T12:39:23","slug":"rechenschwaeche-dyskalkulie","status":"publish","type":"page","link":"https:\/\/die-mobile-nachhilfe.ch\/?page_id=1015","title":{"rendered":"Rechenschw\u00e4che \/ Dyskalkulie im VW-Bus vor Ort"},"content":{"rendered":"\n<p><a href=\"http:\/\/die-mobile-nachhilfe.ch\/?page_id=37\">Konditionen\/Preise<\/a> \u00a0 \u00a0 \u00a0 \u00a0 \u00a0 \u00a0 \u00a0<a href=\"http:\/\/die-mobile-nachhilfe.ch\/?page_id=402\">Kontakt<\/a>            <br><br><a href=\"https:\/\/www.rechenschw\u00e4che-therapie.ch\">weitere Infos: www.rechenschw\u00e4che-therapie.ch   <\/a>     <\/p>\n\n\n\n<div class=\"wp-block-image\"><figure class=\"alignright size-large is-resized\"><a href=\"https:\/\/www.rechenschw\u00e4che-therapie.ch\"><img loading=\"lazy\" decoding=\"async\" src=\"https:\/\/die-mobile-nachhilfe.ch\/wp-content\/uploads\/2019\/11\/Bild-Schere-shutterstock_369632525-1024x709.jpg\" alt=\"\" class=\"wp-image-879\" width=\"255\" height=\"175\"\/><\/a><figcaption><a href=\"https:\/\/www.rechenschw\u00e4che-therapie.ch\">weitere Infos auf www.rechenschw\u00e4che-therapie.ch<\/a><\/figcaption><\/figure><\/div>\n\n\n\n<p class=\"has-normal-font-size\">Viele Kinder, welche \u00fcber einen l\u00e4ngeren Zeitraum Schwierigkeiten in der Mathematik haben und \u00fcber die Schuljahre immer schw\u00e4cher zu werden scheinen, haben oft die Grundfertigkeiten in der Mathematik zu wenig verstanden und\/oder zu wenig automatisiert. Arbeitet man mit ihnen nur am aktuellen Schulstoff, bedeutet das f\u00fcr die Kinder einen grossen Aufwand mit m\u00e4ssigem Erfolg, da sie immer wieder \u00fcber ihre L\u00fccken stolpern und das Gelernte immer wieder zu vergessen scheinen. <\/p>\n\n\n\n<p class=\"has-normal-font-size\">Bei einer st\u00e4rker ausgepr\u00e4gten Rechenschw\u00e4che spricht man von einer sogenannten Dyskalkulie. M\u00f6gliche Anzeichen daf\u00fcr k\u00f6nnen folgende Symptome sein:<br><br>&#8211; Viele Aufgaben werden an den Fingern abgez\u00e4hlt (auch heimlich)<br>&#8211; Der Zehner\u00fcbergang wird z\u00e4hlend bew\u00e4ltigt (8 + 7 = 9,10,11\u202615)<br>&#8211; F\u00fcr Mathematikaufgaben braucht das Kind viel Zeit<br>&#8211; Man hat den Eindruck, das Kind mache viele Fl\u00fcchtigkeitsfehler und   konzentriere sich schlecht<br>&#8211; Beim Rechnen erm\u00fcdet das Kind schnell<br>&#8211; Einer und Zehner werden immer wieder verwechselt <br>&#8211; Das Kind verwechselt immer wieder plus und minus<br>&#8211; Es hat grosse Probleme im Kopfrechnen<br>&#8211; Es macht im Rechnen unerkl\u00e4rliche Fehler<br>&#8211; Die Ergebnisse bei Textaufgaben sind zum Teil &#8222;v\u00f6llig daneben&#8220;<br>&#8211; Fehler im Zusammenhang mit der Null (6+0=0; 5&#215;0=5 etc.)<br>&#8211; Das Kind braucht bei den Hausaufgaben im Rechnen regelm\u00e4ssig Hilfe<br>&#8211; Gelerntes wird schnell wieder vergessen<br>&#8211; Das Kind vergisst Zwischenresultate und muss von vorne beginnen<br>&#8211; usw.<\/p>\n\n\n\n<p class=\"has-normal-font-size\">Falls Sie sich Sorgen machen, dass Ihr Kind eine Rechenschw\u00e4che hat, f\u00fchre ich mit Ihrem Kind gerne eine Rechenstandsanalyse (und bei Bedarf einen Diagnostik-Test) durch um abzukl\u00e4ren, wo es Wissensl\u00fccken\/Verst\u00e4ndnisschwierigkeiten hat und was von den Grundfertigkeiten noch nicht automatisiert ist.  Nach einem Auswertungsgespr\u00e4ch werde ich auf Ihren Wunsch einen F\u00f6rderplan erstellen und mit Ihrem Kind genau dort am Verst\u00e4ndnis und der Automatisation starten, wo Ihr Kind die ersten L\u00fccken hat. Systematisch werden wir gemeinsam das Verst\u00e4ndnis, die Rechenwege und die Automatisation aufarbeiten. Meistens dauert eine Rechentherapie zwischen einigen Monaten und 1.5 Jahren.<\/p>\n\n\n\n<figure class=\"wp-block-image is-resized\"><img loading=\"lazy\" decoding=\"async\" src=\"https:\/\/die-mobile-nachhilfe.ch\/wp-content\/uploads\/2019\/11\/shutterstock_557070520-1024x683.jpg\" alt=\"\" class=\"wp-image-881\" width=\"421\" height=\"280\" srcset=\"https:\/\/die-mobile-nachhilfe.ch\/wp-content\/uploads\/2019\/11\/shutterstock_557070520-1024x683.jpg 1024w, https:\/\/die-mobile-nachhilfe.ch\/wp-content\/uploads\/2019\/11\/shutterstock_557070520-300x200.jpg 300w, https:\/\/die-mobile-nachhilfe.ch\/wp-content\/uploads\/2019\/11\/shutterstock_557070520-768x512.jpg 768w, https:\/\/die-mobile-nachhilfe.ch\/wp-content\/uploads\/2019\/11\/shutterstock_557070520-624x416.jpg 624w\" sizes=\"auto, (max-width: 421px) 100vw, 421px\" \/><\/figure>\n\n\n\n<p class=\"has-normal-font-size\">Eine Unterst\u00fctzung bei Rechenschw\u00e4che sollte ganzheitlich sein, d.h. neben dem Aufbau eines  Fundaments im Rechnen werde ich auch die psychologische und soziale Seite  miteinbeziehen, das Arbeits- und Lernverhalten des Kindes f\u00f6rdern, Mut machen und das Selbstvertrauen steigern sowie \u00c4ngste abbauen. <\/p>\n\n\n\n<p class=\"has-normal-font-size\">Der Unterricht findet in pers\u00f6nlicher, vertrauensvoller 1:1-Situation&nbsp;sowie in&nbsp;motivierender Lernumgebung im modernen VW-Bus&nbsp;vor Ort statt.&nbsp;Damit Ihr Kind, sowie auch Sie, m\u00f6glichst wenig Zeit f\u00fcr den zus\u00e4tzlichen Unterricht aufwenden m\u00fcssen, komme ich mit dem VW-Bus in Ihr Dorf.<\/p>\n\n\n\n<p style=\"font-size:18px\"> <\/p>\n\n\n\n<p style=\"font-size:18px\"><\/p>\n","protected":false},"excerpt":{"rendered":"<p>Konditionen\/Preise \u00a0 \u00a0 \u00a0 \u00a0 \u00a0 \u00a0 \u00a0Kontakt weitere Infos: www.rechenschw\u00e4che-therapie.ch Viele Kinder, welche \u00fcber einen l\u00e4ngeren Zeitraum Schwierigkeiten in der Mathematik haben und \u00fcber die Schuljahre immer schw\u00e4cher zu werden scheinen, haben oft die Grundfertigkeiten in der Mathematik zu wenig verstanden und\/oder zu wenig automatisiert. Arbeitet man mit ihnen nur am aktuellen Schulstoff, bedeutet [&hellip;]<\/p>\n","protected":false},"author":1,"featured_media":0,"parent":0,"menu_order":0,"comment_status":"closed","ping_status":"closed","template":"","meta":{"footnotes":""},"class_list":["post-1015","page","type-page","status-publish","hentry"],"_links":{"self":[{"href":"https:\/\/die-mobile-nachhilfe.ch\/index.php?rest_route=\/wp\/v2\/pages\/1015","targetHints":{"allow":["GET"]}}],"collection":[{"href":"https:\/\/die-mobile-nachhilfe.ch\/index.php?rest_route=\/wp\/v2\/pages"}],"about":[{"href":"https:\/\/die-mobile-nachhilfe.ch\/index.php?rest_route=\/wp\/v2\/types\/page"}],"author":[{"embeddable":true,"href":"https:\/\/die-mobile-nachhilfe.ch\/index.php?rest_route=\/wp\/v2\/users\/1"}],"replies":[{"embeddable":true,"href":"https:\/\/die-mobile-nachhilfe.ch\/index.php?rest_route=%2Fwp%2Fv2%2Fcomments&post=1015"}],"version-history":[{"count":17,"href":"https:\/\/die-mobile-nachhilfe.ch\/index.php?rest_route=\/wp\/v2\/pages\/1015\/revisions"}],"predecessor-version":[{"id":1078,"href":"https:\/\/die-mobile-nachhilfe.ch\/index.php?rest_route=\/wp\/v2\/pages\/1015\/revisions\/1078"}],"wp:attachment":[{"href":"https:\/\/die-mobile-nachhilfe.ch\/index.php?rest_route=%2Fwp%2Fv2%2Fmedia&parent=1015"}],"curies":[{"name":"wp","href":"https:\/\/api.w.org\/{rel}","templated":true}]}}